{"id":492,"date":"2016-09-01T14:55:12","date_gmt":"2016-09-01T13:55:12","guid":{"rendered":"http:\/\/mco-asbl.be\/?page_id=492"},"modified":"2016-09-06T21:01:06","modified_gmt":"2016-09-06T19:01:06","slug":"voir","status":"publish","type":"page","link":"https:\/\/mco-asbl.be\/index.php\/voir\/","title":{"rendered":"Vid\u00e9os"},"content":{"rendered":"<p>Salvatore PRONESTI, Improvisation sur la p\u00e9dale de l&rsquo;Orgue du Chant d&rsquo;Oiseau (28 ao\u00fbt 2016)<\/p>\n<p><iframe loading=\"lazy\" src=\"http:\/\/www.mco-asbl.be\/video\/IMG_4050.m4v\" width=\"425\" height=\"334\" frameborder=\"1\"><br \/>\n<\/iframe><\/p>\n<p><em>Cliquez <a href=\"http:\/\/www.mco-asbl.be\/video\/IMG_4050.m4v\" target=\"_blank\">ici<\/a> si la vid\u00e9o ne s&rsquo;affiche pas.<\/em><\/p>\n","protected":false},"excerpt":{"rendered":"<p>Salvatore PRONESTI, Improvisation sur la p\u00e9dale de l&rsquo;Orgue du Chant d&rsquo;Oiseau (28 ao\u00fbt 2016) Cliquez ici si la vid\u00e9o ne s&rsquo;affiche pas.<\/p>\n","protected":false},"author":2,"featured_media":0,"parent":0,"menu_order":0,"comment_status":"closed","ping_status":"closed","template":"","meta":{"footnotes":""},"class_list":["post-492","page","type-page","status-publish","hentry"],"jetpack_sharing_enabled":true,"_links":{"self":[{"href":"https:\/\/mco-asbl.be\/index.php\/wp-json\/wp\/v2\/pages\/492","targetHints":{"allow":["GET"]}}],"collection":[{"href":"https:\/\/mco-asbl.be\/index.php\/wp-json\/wp\/v2\/pages"}],"about":[{"href":"https:\/\/mco-asbl.be\/index.php\/wp-json\/wp\/v2\/types\/page"}],"author":[{"embeddable":true,"href":"https:\/\/mco-asbl.be\/index.php\/wp-json\/wp\/v2\/users\/2"}],"replies":[{"embeddable":true,"href":"https:\/\/mco-asbl.be\/index.php\/wp-json\/wp\/v2\/comments?post=492"}],"version-history":[{"count":34,"href":"https:\/\/mco-asbl.be\/index.php\/wp-json\/wp\/v2\/pages\/492\/revisions"}],"predecessor-version":[{"id":684,"href":"https:\/\/mco-asbl.be\/index.php\/wp-json\/wp\/v2\/pages\/492\/revisions\/684"}],"wp:attachment":[{"href":"https:\/\/mco-asbl.be\/index.php\/wp-json\/wp\/v2\/media?parent=492"}],"curies":[{"name":"wp","href":"https:\/\/api.w.org\/{rel}","templated":true}]}}